{"id":22,"date":"2014-06-22T14:20:59","date_gmt":"2014-06-22T12:20:59","guid":{"rendered":"http:\/\/www.sandra-roestel.de\/wpb565\/?page_id=22"},"modified":"2020-11-01T20:50:57","modified_gmt":"2020-11-01T18:50:57","slug":"synergetische-homoeopathie","status":"publish","type":"page","link":"https:\/\/www.sandra-roestel.de\/wpb565\/?page_id=22","title":{"rendered":"Hom\u00f6opathie"},"content":{"rendered":"<p>Die synergetische Hom\u00f6opathie ist eine Weiterentwicklung der klassischen Hom\u00f6opathie. Sie wurde von Angelika Zimmermann entwickelt.<\/p>\n<p>Hier werden mit Hilfe der Kinesiologie hom\u00f6opthische Mittel, die sich optimal erg\u00e4nzen, individuell f\u00fcr den Patienten ermittelt.<\/p>\n<p>Ziel ist es, die Selbstheilungskr\u00e4fte zum jetzigen Zeitpunkt anzuregen und tief verwurzelte Krankheitsursachen auszuleiten.<\/p>\n<p>Auf diese Weise k\u00f6nnen Krankheitssymptome im k\u00f6rperichen, geistigen oder seelischen Bereich optimal ausheilen.<\/p>\n<p>&nbsp;<\/p>\n<p>&nbsp;<\/p>\n","protected":false},"excerpt":{"rendered":"<p>Die synergetische Hom\u00f6opathie ist eine Weiterentwicklung der klassischen Hom\u00f6opathie. Sie wurde von Angelika Zimmermann entwickelt. Hier werden mit Hilfe der Kinesiologie hom\u00f6opthische Mittel, die sich optimal erg\u00e4nzen, individuell f\u00fcr den Patienten ermittelt. Ziel ist es, die Selbstheilungskr\u00e4fte zum jetzigen Zeitpunkt &hellip; <a href=\"https:\/\/www.sandra-roestel.de\/wpb565\/?page_id=22\">Weiterlesen <span class=\"meta-nav\">&rarr;<\/span><\/a><\/p>\n","protected":false},"author":3,"featured_media":0,"parent":0,"menu_order":10,"comment_status":"closed","ping_status":"closed","template":"","meta":{"footnotes":""},"class_list":["post-22","page","type-page","status-publish","hentry"],"_links":{"self":[{"href":"https:\/\/www.sandra-roestel.de\/wpb565\/index.php?rest_route=\/wp\/v2\/pages\/22","targetHints":{"allow":["GET"]}}],"collection":[{"href":"https:\/\/www.sandra-roestel.de\/wpb565\/index.php?rest_route=\/wp\/v2\/pages"}],"about":[{"href":"https:\/\/www.sandra-roestel.de\/wpb565\/index.php?rest_route=\/wp\/v2\/types\/page"}],"author":[{"embeddable":true,"href":"https:\/\/www.sandra-roestel.de\/wpb565\/index.php?rest_route=\/wp\/v2\/users\/3"}],"replies":[{"embeddable":true,"href":"https:\/\/www.sandra-roestel.de\/wpb565\/index.php?rest_route=%2Fwp%2Fv2%2Fcomments&post=22"}],"version-history":[{"count":4,"href":"https:\/\/www.sandra-roestel.de\/wpb565\/index.php?rest_route=\/wp\/v2\/pages\/22\/revisions"}],"predecessor-version":[{"id":276,"href":"https:\/\/www.sandra-roestel.de\/wpb565\/index.php?rest_route=\/wp\/v2\/pages\/22\/revisions\/276"}],"wp:attachment":[{"href":"https:\/\/www.sandra-roestel.de\/wpb565\/index.php?rest_route=%2Fwp%2Fv2%2Fmedia&parent=22"}],"curies":[{"name":"wp","href":"https:\/\/api.w.org\/{rel}","templated":true}]}}